{"id":2108,"date":"2014-04-22T14:41:36","date_gmt":"2014-04-22T13:41:36","guid":{"rendered":"http:\/\/luciaguanaes.com\/pt\/?page_id=2108"},"modified":"2014-08-13T19:33:00","modified_gmt":"2014-08-13T18:33:00","slug":"texte","status":"publish","type":"page","link":"https:\/\/luciaguanaes.com\/pt\/ensaios\/alagados\/texte\/","title":{"rendered":"texte"},"content":{"rendered":"<p>A primeira impress\u00e3o que se tem dos Alagados<sup>1<\/sup> \u00e9 de espanto: um panorama prec\u00e1rio de casas de palafitas em equil\u00edbrio inst\u00e1vel sobre varas finas de madeira, ligadas entre elas por passarelas bambas sobre a \u00e1gua estagnada do mangue.<\/p>\n<p>Mais de perto, o cart\u00e3o postal esvanece, dando lugar a uma engenhosidade \u00e0 toda prova. As fachadas s\u00e3o compostas de montagens improv\u00e1veis\u200b\u200b, 17 venezianas lado a lado, tr\u00eas portas de estilos contradit\u00f3rios, alguns tijolos, tapumes, materiais de constru\u00e7\u00e3o garimpados em ca\u00e7ambas de entulhos&#8230; Recupera\u00e7\u00e3o e reciclagem s\u00e3o a regra. Diante de nossos olhos cada fachada vira obra de arte, aqui um Mondrian, ali um Paul Klee, acol\u00e1 um T\u00e0pies&#8230;<\/p>\n<p>Os interiores contrastam com a aspereza das fachadas. Eles refletem o orgulho e a dignidade dos habitantes: panelas areadas, bibel\u00f4s bem alinhados, vasos de flores de pl\u00e1stico, toalhinhas de croch\u00ea, bichos de pel\u00facia perfeitamente dispostos na prateleira, Cristos e Virgens Maria cujos olhos nos seguem por toda parte&#8230; Aqui limpeza e embelezamento s\u00e3o a palavra de ordem, a luta contra a precariedade n\u00e3o \u00e9 simples.<\/p>\n<p>Realizado em 2001, <em>Alagados<\/em> \u00e9 o segundo ensaio sobre as diferentes express\u00f5es visuais da cultura popular na cidade de Salvador, o primeiro tendo sido <em>Popular, <\/em>realizado no ano anterior sobre o com\u00e9rcio tradicional. Minha inten\u00e7\u00e3o era abordar frontalmente a est\u00e9tica popular que se manifesta, entre outras coisas, na constru\u00e7\u00e3o das casas, na arruma\u00e7\u00e3o dos interiores, nas bancas de mercados populares e nas decora\u00e7\u00f5es das festas de rua.<\/p>\n<h6>\u2028Lucia Guanaes<\/h6>\n        <div class=\"notes p\" ><div class=\"notes-filet\">&nbsp;<\/div>1 Resultado de uma ocupa\u00e7\u00e3o urbana informal iniciada no final dos anos 40, os Alagados s\u00e3o considerados uma das \u00e1reas mais pobres e insalubres da cidade de Salvador. A partir do ano 2000, a \u00e1rea foi objeto de um projeto de urbaniza\u00e7\u00e3o (ver <a href=\"http:\/\/www.citiesalliance.org\/alagados\">http:\/\/www.citiesalliance.org\/alagados<\/a>) mas na \u00e9poca em que essas fotos foram realizadas grande parte do bairro n\u00e3o possu\u00eda sistema de \u00e1gua e esgoto nem nenhuma infraestrutura b\u00e1sica urbana (pavimenta\u00e7\u00e3o, ilumina\u00e7\u00e3o p\u00fablica, etc.). <\/div> <p style=\"display:none;\"> &nbsp; \n","protected":false},"excerpt":{"rendered":"<p>A primeira impress\u00e3o que se tem dos Alagados1 \u00e9 de espanto: um panorama prec\u00e1rio de casas de palafitas em equil\u00edbrio inst\u00e1vel sobre varas finas de madeira, ligadas entre elas por passarelas bambas sobre a \u00e1gua estagnada do mangue. Mais de perto, o cart\u00e3o postal esvanece, dando lugar a uma engenhosidade \u00e0 toda prova. As fachadas [&hellip;]<\/p>\n","protected":false},"author":1,"featured_media":0,"parent":2095,"menu_order":0,"comment_status":"open","ping_status":"open","template":"page-texte-serie-photo.php","meta":{"_acf_changed":false,"footnotes":""},"categories":[],"tags":[],"class_list":["post-2108","page","type-page","status-publish","hentry"],"acf":[],"_links":{"self":[{"href":"https:\/\/luciaguanaes.com\/pt\/wp-json\/wp\/v2\/pages\/2108","targetHints":{"allow":["GET"]}}],"collection":[{"href":"https:\/\/luciaguanaes.com\/pt\/wp-json\/wp\/v2\/pages"}],"about":[{"href":"https:\/\/luciaguanaes.com\/pt\/wp-json\/wp\/v2\/types\/page"}],"author":[{"embeddable":true,"href":"https:\/\/luciaguanaes.com\/pt\/wp-json\/wp\/v2\/users\/1"}],"replies":[{"embeddable":true,"href":"https:\/\/luciaguanaes.com\/pt\/wp-json\/wp\/v2\/comments?post=2108"}],"version-history":[{"count":10,"href":"https:\/\/luciaguanaes.com\/pt\/wp-json\/wp\/v2\/pages\/2108\/revisions"}],"predecessor-version":[{"id":6223,"href":"https:\/\/luciaguanaes.com\/pt\/wp-json\/wp\/v2\/pages\/2108\/revisions\/6223"}],"up":[{"embeddable":true,"href":"https:\/\/luciaguanaes.com\/pt\/wp-json\/wp\/v2\/pages\/2095"}],"wp:attachment":[{"href":"https:\/\/luciaguanaes.com\/pt\/wp-json\/wp\/v2\/media?parent=2108"}],"wp:term":[{"taxonomy":"category","embeddable":true,"href":"https:\/\/luciaguanaes.com\/pt\/wp-json\/wp\/v2\/categories?post=2108"},{"taxonomy":"post_tag","embeddable":true,"href":"https:\/\/luciaguanaes.com\/pt\/wp-json\/wp\/v2\/tags?post=2108"}],"curies":[{"name":"wp","href":"https:\/\/api.w.org\/{rel}","templated":true}]}}

<p>A primeira impressão que se tem dos Alagados<sup>1</sup> é de espanto: um panorama precário de casas de palafitas em equilíbrio instável sobre varas finas de madeira, ligadas entre elas por passarelas bambas sobre a água estagnada do mangue.</p>
<p>Mais de perto, o cartão postal esvanece, dando lugar a uma engenhosidade à toda prova. As fachadas são compostas de montagens improváveis​​, 17 venezianas lado a lado, três portas de estilos contraditórios, alguns tijolos, tapumes, materiais de construção garimpados em caçambas de entulhos&#8230; Recuperação e reciclagem são a regra. Diante de nossos olhos cada fachada vira obra de arte, aqui um Mondrian, ali um Paul Klee, acolá um Tàpies&#8230;</p>
<p>Os interiores contrastam com a aspereza das fachadas. Eles refletem o orgulho e a dignidade dos habitantes: panelas areadas, bibelôs bem alinhados, vasos de flores de plástico, toalhinhas de crochê, bichos de pelúcia perfeitamente dispostos na prateleira, Cristos e Virgens Maria cujos olhos nos seguem por toda parte&#8230; Aqui limpeza e embelezamento são a palavra de ordem, a luta contra a precariedade não é simples.</p>
<p>Realizado em 2001, <em>Alagados</em> é o segundo ensaio sobre as diferentes expressões visuais da cultura popular na cidade de Salvador, o primeiro tendo sido <em>Popular, </em>realizado no ano anterior sobre o comércio tradicional. Minha intenção era abordar frontalmente a estética popular que se manifesta, entre outras coisas, na construção das casas, na arrumação dos interiores, nas bancas de mercados populares e nas decorações das festas de rua.</p>
<h6> Lucia Guanaes</h6>
        <div class="notes p" ><div class="notes-filet">&nbsp;</div>1 Resultado de uma ocupação urbana informal iniciada no final dos anos 40, os Alagados são considerados uma das áreas mais pobres e insalubres da cidade de Salvador. A partir do ano 2000, a área foi objeto de um projeto de urbanização (ver <a href="http://www.citiesalliance.org/alagados">http://www.citiesalliance.org/alagados</a>) mas na época em que essas fotos foram realizadas grande parte do bairro não possuía sistema de água e esgoto nem nenhuma infraestrutura básica urbana (pavimentação, iluminação pública, etc.). </div> <p style="display:none;"> &nbsp;

<p>A primeira impressão que se tem dos Alagados1 é de espanto: um panorama precário de casas de palafitas em equilíbrio instável sobre varas finas de madeira, ligadas entre elas por passarelas bambas sobre a água estagnada do mangue. Mais de perto, o cartão postal esvanece, dando lugar a uma engenhosidade à toda prova. As fachadas [&hellip;]</p>
